h) + s(h). Calculate w(3).
-3
Let m(y) = -y + 12. Suppose 2*c + 2*j - 4*j = -54, c + 2*j = -12. Let h = 21 + c. Let f(l) = -8*l**3 + l. Let x be f(h). What is m(x)?
5
Let r(n) = n + n - 2 - 6*n + 0*n + 10. Calculate r(-6).
32
Let d(l) = l**2 - 11*l - 1. Let k(u) = 9*u**2 + 2*u + 4. Let z be k(-1). Determine d(z).
-1
Let w be ((-5 + 17)/6)/1. Let h(k) = k**3 - 3*k**2 + 3*k - 1. Give h(w).
1
Let h(a) = a**2 + 6*a + 9. Let o(y) be the second derivative of y**4/12 + 7*y**3/6 + 4*y**2 + 9*y. Let u(l) = -2*h(l) + 3*o(l). Determine u(-8).
-2
Let u be 7 + 12/((-21)/7). Let b(w) be the first derivative of -3 - 3/2*w**2 + w**3 - 1/4*w**4 + 2*w. What is b(u)?
-7
Let j(t) = -5*t**3 + 3*t**2 + 216*t - t**3 - 2*t**3 - 219*t + 1. What is j(1)?
-7
Let o(u) = -u**3 - 13*u**2 - 9*u + 14. Suppose 4*q + 6 = 7*q, 4*q - 32 = 2*g. Give o(g).
-22
Suppose -5*z = -0*z - 25. Let d be (-2)/12 + 6/36. Let n(q) = -q + d*q + q - q + 4. Determine n(z).
-1
Let v be 1 + 24/6 + -7. Let y(j) = -19 + 3*j - 2*j + 20. Calculate y(v).
-1
Let h be 6/9 + 40/(-6). Let w(r) = 4*r**2 - 4 - 142*r - 11*r**2 - r**3 + 137*r. Calculate w(h).
-10
Let l(p) = 5 - 2 - 104*p + 103*p. Calculate l(-6).
9
Let k be (-1 - (2 + -1))/(-2). Suppose o + 18 = -4*x - k, -5*o - 5 = 2*x. Let y(j) = -2*j - j**3 + o - 4*j + 4*j**2 + 5*j - j. What is y(3)?
4
Let o(p) = -5*p**2 - 2*p + 1. Let a be (3 + -2)/(((-42)/30)/(-7)). Suppose 5*n - 6 = -4*w + 7, -w + a = 3*n. Determine o(n).
-6
Let q(o) = -4*o - 14. Let c be q(-6). Suppose -u - 8 = -c. Suppose u*t + t = 0. Let p(s) = s**3 + 1. Give p(t).
1
Let l = 125 - 121. Let v(f) be the first derivative of -3*f**2/2 + 6*f + 2. What is v(l)?
-6
Let b be 198/55*(-10)/(-3). Let d = b - 16. Let t(r) = r**3 + 4*r**2 + 2*r - 1. Calculate t(d).
-9
Let y(m) = m**2 - m + 2. Let v = -26 - -15. Let p = v + 13. Let o be y(p). Let u(g) = g**3 - 5*g**2 + g + 4. Determine u(o).
-8
Let v(k) = -4*k + 19. Let h be 3/(-7) - 16/(2352/(-945)). Give v(h).
-5
Let z(x) = -3*x**2 + 28*x - 5. Let j = 1834 - 1825. Calculate z(j).
4
Let w = -23 - -4. Let g be -4 - w*(3 - 2). Let z(s) = -s**3 - 389*s + g + 389*s - s**2. Give z(0).
15
Let i(p) = 88*p + 7. Let h be i(2). Let g be h/27 + ((-29)/(-9) - 3). Let j(q) = 2*q - 4. Calculate j(g).
10
Let s(j) = j**2 - 3*j - 4. Let h(z) = -5*z + 31. Suppose 5*r - 4*d + 18 = 59, -5*d - 25 = -r. Let o be h(r). Calculate s(o).
14
Suppose 2*s = 20 + 4. Let c be 54/s*12/27. Suppose -15 - 13 = 4*p + 5*n, -2*p = c*n + 12. Let u(k) = -k**2 - k + 1. Calculate u(p).
-1
Let h(b) = -b**3 + 5*b**2 + 2*b - 3. Let f be (-3)/2*(-8)/3. Suppose j + f = -8. Let x be 3/(-2)*40/j. What is h(x)?
7
Let c = -793 - -784. Let h(l) = l**2 + 10*l. What is h(c)?
-9
Let f(a) be the second derivative of 2*a**3/3 + 9*a**2/2 - 2*a + 661. Give f(-7).
-19
Let m be (0 - 0)/((-16)/(-12 - -4)). Let b(h) be the third derivative of -h**3 + h**2 + 0 + 1/24*h**4 + m*h. Calculate b(6).
0
Let h(i) = i**2 - 4*i - 40. Let l be h(8). Let w(g) = g**3 + 9*g**2 + 7*g + 9. Calculate w(l).
17
Let v(j) be the first derivative of 3*j**2/2 - 28*j + 43. Determine v(10).
2
Let p be (2 - 1)/((-3)/(-21)). Suppose -4 = b - 7. Let k(c) = -2*c - 20. Let m(t) = t + 10. Let a(w) = b*k(w) + p*m(w). Give a(0).
10
Let t(f) = f**3 - 7*f - f**2 + 2*f + f. Let n = 217 + -135. Suppose 2*j - n = -76. Determine t(j).
6
Let n(j) be the first derivative of j**4/4 + j**3 + 6*j + 574. Calculate n(-3).
6
Suppose 4*g - 46 = 5*m, -g + 5*m + 15 = 2*m. Let t(w) = -7*w + 58. Give t(g).
-5
Let b be (-10 - -11)*(3 - 2). Let x(g) be the first derivative of -g**2/2 - 1. Let u(a) = -a - 1. Let v(l) = -u(l) + 3*x(l). Determine v(b).
-1
Suppose 0 = h + 3*h - 16. Suppose -3 = h*o + 1. Let l(d) = 13*d**3 - 11*d + 13. Let c(q) = 7*q**3 - 6*q + 7. Let g(a) = 11*c(a) - 6*l(a). Determine g(o).
0
Let m be 1 - 9/2*(-2)/3. Let g(p) = 3*p - 13. Give g(m).
-1
Let h be (1/(-2))/((-2)/(-32)). Let m(x) be the second derivative of x**5/20 + 2*x**4/3 + x**3/6 - 7*x**2/2 + 74*x. Calculate m(h).
-15
Let s = 1472 - 1474. Let p(y) = -5*y - 4. Give p(s).
6
Let u = 3 - 2. Let o(f) be the third derivative of 5*f**4/24 - f**3/6 + 20*f**2 - 20*f. Give o(u).
4
Let m(c) = 2*c**2 + 10*c - 2. Let q be m(-6). Let y(r) = -q - r**2 - 7 + 14 + 4*r. Calculate y(5).
-8
Let a(p) = p - 7. Let o = 7 - 7. Suppose o = -2*s + s. Let k be 1*s/((-3)/1). Calculate a(k).
-7
Suppose 2*t + 0*t = 2, -4*i - 5*t = -37. Suppose -2*k + i = 2*k. Let g(b) = -k*b - b + 3*b + b. What is g(-2)?
-2
Suppose -5*m - 2*y = 21 + 9, 4*m + 24 = -2*y. Let q(a) = -a**2 - 5*a + 5. What is q(m)?
-1
Suppose 4*m + 10 = 9*m. Let k(n) = 13*n**2 + 5*n**2 + n - 13*n**m. Determine k(-1).
4
Let f(o) = 8*o + 1. Suppose 0 = -h - k + 6 - 2, 5*k - 12 = 3*h. Let u(n) = -n. Let q(c) = h*f(c) - 3*u(c). What is q(-1)?
-10
Let u(k) = -k**3 + 6*k**2 - k + 5. Suppose 10*j - 5*j = 10. Let c be j/3*135/30. Suppose 23 = c*t + b, 3*t - 5*b = 2*t - 19. What is u(t)?
-1
Let z(l) be the first derivative of l**3/3 - 2*l**2 + 3*l + 1. Let g(d) = -3*d + 20. Let b be g(6). Let a be (-3)/b*14/(-7) + 0. Calculate z(a).
0
Let h(y) = y**2 + 3*y + 4. Let p = -26 + 33. Let k(a) = 4*a**2 + 9*a + 13. Let u(m) = p*h(m) - 2*k(m). What is u(-2)?
-8
Let s(v) = -v**2 + 3 + 4*v + 2*v - 4. Let q be s(6). Let t(n) = -19*n - 1. Let m(g) = -49*g - 2. Let o(u) = m(u) - 3*t(u). Determine o(q).
-7
Let j(p) be the first derivative of -p**6/360 + p**5/60 - p**4/12 - 46*p**3/3 + p**2/2 + 21. Let b(g) be the third derivative of j(g). Determine b(2).
-2
Let d(y) = -y + 2. Let l be 50 - 1*(3 - 0). Let n = l - 43. Give d(n).
-2
Let i be 28*((-3)/24)/(4/(-8)). Let v(m) = -7 - 2*m + 5 - i + 1. Give v(-6).
4
Let p(l) = 2*l + 1. Let w be 2 + -5 - -11*(2 - 1). Suppose -1 = 2*u - 9. Let f be w/10*(-10)/u. Give p(f).
-3
Let g(c) = c**3 + 7*c**2 - c - 10. Suppose 2*v + q = v - 7, 4*q = -3*v - 21. Give g(v).
-3
Let m(q) be the first derivative of q**2 - 9*q + 1. Let s be 91/13 + (1 - (2 - 0)). Let z(a) = -4*a + 17. Let t(g) = s*z(g) + 11*m(g). What is t(3)?
-3
Let y(g) = 0*g + 29 + g - 63 + 43. Calculate y(-10).
-1
Let x(k) = 5*k**2 - 7*k + 3. Let a(v) = -v**2 + 2*v - 1. Let r(u) = -12*a(u) - 3*x(u). Let q be -2*2/((-8)/(-6)). Calculate r(q).
-15
Let b(x) = 19*x + 2. Let a(c) = -2*c - 1. Let m(u) = -18*a(u) - 2*b(u). Determine m(8).
-2
Let h be (-189)/11 - (-60)/330. Let w(i) = -4*i - 70. Give w(h).
-2
Let x(h) = -4*h**2 + 15*h - 11 + 10*h**2 + 7*h**2 - h**3. Calculate x(14).
3
Let c(w) = -w**3 + 5*w**2 - 5*w - 1. Let l(o) = o**3 + 1. Let f(t) = c(t) + 2*l(t). Let s be 6/(-12)*(-4 - -42). Let r = s + 13. What is f(r)?
-5
Let q(h) = -h**2 + 1. Let b(a) = -a**3 - 8*a**2 + 6*a + 10. Let c(n) = -b(n) + 5*q(n). What is c(-4)?
3
Let x(q) = 4*q + 76. Suppose 0 = a - 16 + 34. Determine x(a).
4
Suppose d - 5*i - 14 = 0, 0 = -2*d - d - 2*i + 76. Let o = d + -30. Let z(f) = -f. Calculate z(o).
6
Let x(d) be the first derivative of -7 + 1/3*d**3 + 6*d + 9/2*d**2. Give x(-8).
-2
Let p(i) = i - 8. Let n be p(16). Suppose -5*f - 3*j = -n*j + 50, -6 = -2*j. Let u(r) = -4*r - 10. Determine u(f).
18
Let x(p) = p**3 + 11*p**2 + 4*p - 7. Let q be (13 + -12 + 9)*-1. Determine x(q).
53
Suppose 2*p - 20 = -3*p. Let m(s) be the first derivative of -5 - 3*s - 4/3*s**3 + 0*s**2 + 1/4*s**p. Calculate m(4).
-3
Let v be (-1 + 26)/(14/28) + 2. Let w = v - 54. Let o(i) = 2*i**3 + 2*i**2 - i - 1. Determine o(w).
-7
Let y(a) = -11*a - 1. Let k = 21 - 19. Let c be -2 - ((-6)/k + -1). Suppose -4*n = 4*s - 4, -c*s = -0*n + 5*n - 5. Give y(n).
-12
Let r(i) = i**3 + 8*i**2 - 9. Suppose 4*f - 1 = 5*v, 3*v = f + v + 2. Suppose 3*t + 31 = -2*w + 3, -f*w + 8 = -2*t. Calculate r(t).
-9
Let t(i) be the first derivative of -i**4/4 - i**3 + 3*i**2/2 + 6*i + 126. Let n be -3 - (1 - 0/(-1)). Give t(n).
10
Let z(y) be the first derivative of -y**7/210 - y**6/360 - y**5/60 - y**4/24 - y**3/3 + 5. Let g(n) be the third derivative of z(n). Calculate g(-1).
4
Let i(u) = -28*u - 5 + u - u**2 + 14*u + 16*u. Give i(-5).
-45
Let h(w) = -w**3 - 13*w**2 - 12*w + 5. Let s(r) = -r**3 + 10*r**2 + 5*r - 23. Let j be s(10). Suppose 28*x = j*x - 12. Determine h(x).
5
Let z be 1/(((-6)/(-26))/(-3)). Let y(c) = -c**2 - 14*c - 16. Let l be y(z). Let k(n) = -n**2 - 2*n + 4. Determine k(l).
1
Let y(s) = 13 + 8*s**2 + 6*s - 7*s**2 + 11*s. Let x 